{"id":40,"date":"2020-12-04T03:54:41","date_gmt":"2020-12-04T03:54:41","guid":{"rendered":"https:\/\/acconstrucciones.com.ar\/acco\/?page_id=40"},"modified":"2026-01-10T13:01:32","modified_gmt":"2026-01-10T16:01:32","slug":"desarrollos","status":"publish","type":"page","link":"https:\/\/acconstrucciones.com.ar\/acco\/desarrollos\/","title":{"rendered":"Desarrollos"},"content":{"rendered":"\n<p class=\"has-black-color has-text-color\"><strong>EDIFICIOS:<\/strong><\/p>\n\n\n\n<ul class=\"wp-block-list\">\n<li><strong><mark style=\"background-color:#ebebeb\" class=\"has-inline-color has-vivid-cyan-blue-color\">Edificio NUEVO &#8230; <\/mark><\/strong><mark style=\"background-color:rgba(0, 0, 0, 0)\" class=\"has-inline-color has-vivid-cyan-blue-color\"><\/mark>(A\u00f1o 2.0__): Zona macrocentro (Ciudad de Salta). (<em><mark style=\"background-color:rgba(0, 0, 0, 0)\" class=\"has-inline-color has-cyan-bluish-gray-color\">En estudio<\/mark><\/em>)<ul><li>Ubicado sobre calle&#8230;<\/li><\/ul>\n<ul class=\"wp-block-list\">\n<li>Locales comerciales \/ oficinas.<\/li>\n\n\n\n<li>Departamentos monoambientes y de 1 y 2 dormitorios.<\/li>\n\n\n\n<li>Cocheras opcionales en PB y Subsuelo.<\/li>\n\n\n\n<li>Financiaci\u00f3n hasta <strong>60 cuotas<\/strong> en usd \u00f3 en pesos +CAC.<\/li>\n<\/ul>\n<\/li>\n<\/ul>\n\n\n\n<p><\/p>\n\n\n\n<ul class=\"wp-block-list\">\n<li><strong>PH SUR<\/strong> (2.021): En zona B\u00b0 Estaci\u00f3n Alvarado (Ciudad de Salta). (<em><mark style=\"background-color:rgba(0, 0, 0, 0)\" class=\"has-inline-color has-cyan-bluish-gray-color\">Vendido 100%<\/mark><\/em>)<ul><li>Ubicado a 4 cuadras de av. Juan M. de Rosas.<\/li><\/ul>\n<ul class=\"wp-block-list\">\n<li>4 unidades funcionales de 58 m2.<\/li>\n\n\n\n<li>2 dormitorios, cocina-comedor, ba\u00f1o, lavadero-terraza y cochera.<\/li>\n\n\n\n<li>Financiaci\u00f3n propia hasta 36 cuotas fijas en usd.<\/li>\n<\/ul>\n<\/li>\n<\/ul>\n\n\n\n<hr class=\"wp-block-separator has-alpha-channel-opacity is-style-default\"\/>\n\n\n\n<p class=\"has-black-color has-text-color\"><strong>Desarrollo tur\u00edstico \/ Condo &#8211; Hotel:<\/strong> <\/p>\n\n\n\n<ul class=\"wp-block-list\">\n<li><strong>Condo Hotel<\/strong> &#8211; Hotel boutique: (En estudio)\n<ul class=\"wp-block-list\">\n<li>Suites &amp; Departamentos \/ Pool de renta.<\/li>\n<\/ul>\n<\/li>\n<\/ul>\n\n\n\n<ul class=\"wp-block-list\">\n<li><strong>En Dique Cabra Corral<\/strong> &#8211; Complejo N\u00e1utico: (En estudio)\n<ul class=\"wp-block-list\">\n<li>Terrenos \/ Casas \/ Departamentos \/ Pool de renta.<\/li>\n<\/ul>\n<\/li>\n<\/ul>\n\n\n\n<hr class=\"wp-block-separator has-alpha-channel-opacity\"\/>\n\n\n\n<p class=\"has-black-color has-text-color\"><strong>D\u00daPLEX:<\/strong><\/p>\n\n\n\n<ul class=\"wp-block-list\">\n<li><strong>Proyecto de d\u00faplex en condominio<\/strong>: (En estudio de terrenos)<ul><li><em>TU&nbsp;DUPLEX&nbsp;FINANCIADO<\/em>&nbsp;hasta en 24 y 60 cuotas, seg\u00fan proyecto.<\/li><\/ul>\n<ul class=\"wp-block-list\">\n<li>Terreno + Construcci\u00f3n.<\/li>\n\n\n\n<li>Consulte ubicaciones.<\/li>\n<\/ul>\n<\/li>\n<\/ul>\n\n\n\n<p class=\"has-black-color has-text-color\"><strong>CASAS:<\/strong><\/p>\n\n\n\n<ul class=\"wp-block-list\">\n<li><strong>Proyecto PARQUE SUR<\/strong>: (En estudio de terrenos)<ul><li><em>TU&nbsp;CASA&nbsp;FINANCIADA<\/em>&nbsp;hasta en 120 cuotas.<\/li><\/ul>\n<ul class=\"wp-block-list\">\n<li>Terreno + Construcci\u00f3n.<\/li>\n\n\n\n<li>S\u00f3lo terreno \u00f3 construcci\u00f3n.<\/li>\n<\/ul>\n<\/li>\n<\/ul>\n\n\n\n<p class=\"has-black-color has-text-color\"><strong>TERRENOS:<\/strong><\/p>\n\n\n\n<ul class=\"wp-block-list\">\n<li>En proyecto (Salta): Tenemos diferentes proyectos propios, ubicados en La Ciudad de Salta e interior.<\/li>\n<\/ul>\n\n\n\n<hr class=\"wp-block-separator has-alpha-channel-opacity\"\/>\n\n\n\n<p>M\u00e1s info:&nbsp;<strong>info@acconstrucciones.com.ar<\/strong><\/p>\n\n\n\n<ul class=\"wp-block-list\">\n<li><strong>Otros proyectos:<\/strong>&nbsp;Formaci\u00f3n de pozo de inversi\u00f3n para compra de terreno para desarrollar (Inversi\u00f3n en&nbsp;<strong>M2<\/strong>).<\/li>\n\n\n\n<li><strong>Plan CANJE<\/strong>: Es parte de la negociaci\u00f3n recibir \/ comprar \/ vender, con canje, ya sean veh\u00edculos, una propiedad \u00f3 terreno para desarrollar.<\/li>\n<\/ul>\n\n\n\n<p><\/p>\n","protected":false},"excerpt":{"rendered":"<p>EDIFICIOS: Desarrollo tur\u00edstico \/ Condo &#8211; Hotel: D\u00daPLEX: CASAS: TERRENOS: M\u00e1s info:&nbsp;info@acconstrucciones.com.ar<\/p>\n","protected":false},"author":1,"featured_media":0,"parent":0,"menu_order":0,"comment_status":"closed","ping_status":"closed","template":"","meta":{"footnotes":""},"class_list":["post-40","page","type-page","status-publish","hentry"],"_links":{"self":[{"href":"https:\/\/acconstrucciones.com.ar\/acco\/wp-json\/wp\/v2\/pages\/40","targetHints":{"allow":["GET"]}}],"collection":[{"href":"https:\/\/acconstrucciones.com.ar\/acco\/wp-json\/wp\/v2\/pages"}],"about":[{"href":"https:\/\/acconstrucciones.com.ar\/acco\/wp-json\/wp\/v2\/types\/page"}],"author":[{"embeddable":true,"href":"https:\/\/acconstrucciones.com.ar\/acco\/wp-json\/wp\/v2\/users\/1"}],"replies":[{"embeddable":true,"href":"https:\/\/acconstrucciones.com.ar\/acco\/wp-json\/wp\/v2\/comments?post=40"}],"version-history":[{"count":38,"href":"https:\/\/acconstrucciones.com.ar\/acco\/wp-json\/wp\/v2\/pages\/40\/revisions"}],"predecessor-version":[{"id":296,"href":"https:\/\/acconstrucciones.com.ar\/acco\/wp-json\/wp\/v2\/pages\/40\/revisions\/296"}],"wp:attachment":[{"href":"https:\/\/acconstrucciones.com.ar\/acco\/wp-json\/wp\/v2\/media?parent=40"}],"curies":[{"name":"wp","href":"https:\/\/api.w.org\/{rel}","templated":true}]}}