{"id":96,"date":"2020-12-04T10:29:05","date_gmt":"2020-12-04T13:29:05","guid":{"rendered":"https:\/\/acconstrucciones.com.ar\/acco\/?page_id=96"},"modified":"2021-04-13T23:40:04","modified_gmt":"2021-04-14T02:40:04","slug":"servicios","status":"publish","type":"page","link":"https:\/\/acconstrucciones.com.ar\/acco\/servicios\/","title":{"rendered":"Servicios"},"content":{"rendered":"\n<h4 class=\"wp-block-heading\"><strong>Contamos con los siguientes servicios:<\/strong><\/h4>\n\n\n\n<ul class=\"wp-block-list\"><li><em><strong>Desarrollos inmobiliarios:&nbsp;<\/strong>Proyectos e inversi\u00f3n, fideicomisos, gerenciamiento.&nbsp;&nbsp;<\/em><\/li><li><em><strong>Construcci\u00f3n en gral:&nbsp;<\/strong>Viviendas, edificios, obras de arquitectura e ingenier\u00eda en gral.&nbsp;&nbsp;<\/em><\/li><li><em><strong>Construcciones en seco:&nbsp;<\/strong>Dry Wall, Steel Framing, sistema mixto con estructuras met\u00e1licas.&nbsp;<\/em><\/li><li><em><strong>Taller&nbsp;metal\u00fargico:&nbsp;<\/strong>Estructuras met\u00e1licas en general.<\/em><\/li><li><em><strong>Servicios en miner\u00eda:&nbsp;<\/strong>Mantenimiento edilicio, estructuras de H\u00b0A\u00b0, estructuras met\u00e1licas, soldaduras especiales y calificadas.<\/em><\/li><li><em><strong>Movimiento de suelos:&nbsp;<\/strong>Excavaciones para subsuelos, desmalezado \/ desmonte, trabajos en general.<\/em><\/li><\/ul>\n\n\n\n<hr class=\"wp-block-separator\"\/>\n\n\n\n<ul class=\"wp-block-list\"><li><em><strong>Terrenos<\/strong>&nbsp;(Loteos)<\/em><\/li><li><em><strong>Casas &amp; Condominios<\/strong>&nbsp;(PH \u2013 Duplex)<\/em><\/li><li><em><strong>Edificios&nbsp;<\/strong>(Departamentos \u2013 Locales \u2013 Oficinas \u2013 Cocheras)<\/em><\/li><li><em><strong>Renta hotelera \/ Condo-Hotel&nbsp;<\/strong>(Pool de renta \/ Fractional)<\/em><\/li><\/ul>\n\n\n\n<p>Consulte diferentes formas de financiaci\u00f3n, canje de m2, recibimos veh\u00edculos y propiedades en parte de pago.<\/p>\n\n\n\n<p>Contacto:&nbsp;<strong>info@acconstrucciones.com.ar<\/strong><\/p>\n","protected":false},"excerpt":{"rendered":"<p>Contamos con los siguientes servicios: Desarrollos inmobiliarios:&nbsp;Proyectos e inversi\u00f3n, fideicomisos, gerenciamiento.&nbsp;&nbsp; Construcci\u00f3n en gral:&nbsp;Viviendas, edificios, obras de arquitectura e ingenier\u00eda en gral.&nbsp;&nbsp; Construcciones en seco:&nbsp;Dry Wall, Steel Framing, sistema mixto con estructuras met\u00e1licas.&nbsp; Taller&nbsp;metal\u00fargico:&nbsp;Estructuras met\u00e1licas en general. Servicios en miner\u00eda:&nbsp;Mantenimiento edilicio, estructuras de H\u00b0A\u00b0, estructuras met\u00e1licas, soldaduras especiales y calificadas. Movimiento de suelos:&nbsp;Excavaciones para subsuelos, [&hellip;]<\/p>\n","protected":false},"author":1,"featured_media":0,"parent":0,"menu_order":0,"comment_status":"closed","ping_status":"closed","template":"","meta":{"footnotes":""},"class_list":["post-96","page","type-page","status-publish","hentry"],"_links":{"self":[{"href":"https:\/\/acconstrucciones.com.ar\/acco\/wp-json\/wp\/v2\/pages\/96","targetHints":{"allow":["GET"]}}],"collection":[{"href":"https:\/\/acconstrucciones.com.ar\/acco\/wp-json\/wp\/v2\/pages"}],"about":[{"href":"https:\/\/acconstrucciones.com.ar\/acco\/wp-json\/wp\/v2\/types\/page"}],"author":[{"embeddable":true,"href":"https:\/\/acconstrucciones.com.ar\/acco\/wp-json\/wp\/v2\/users\/1"}],"replies":[{"embeddable":true,"href":"https:\/\/acconstrucciones.com.ar\/acco\/wp-json\/wp\/v2\/comments?post=96"}],"version-history":[{"count":4,"href":"https:\/\/acconstrucciones.com.ar\/acco\/wp-json\/wp\/v2\/pages\/96\/revisions"}],"predecessor-version":[{"id":149,"href":"https:\/\/acconstrucciones.com.ar\/acco\/wp-json\/wp\/v2\/pages\/96\/revisions\/149"}],"wp:attachment":[{"href":"https:\/\/acconstrucciones.com.ar\/acco\/wp-json\/wp\/v2\/media?parent=96"}],"curies":[{"name":"wp","href":"https:\/\/api.w.org\/{rel}","templated":true}]}}